{"id":1796,"date":"2019-04-01T19:35:53","date_gmt":"2019-04-01T19:35:53","guid":{"rendered":"http:\/\/jadebeauty.hu\/?post_type=product&#038;p=1796"},"modified":"2025-06-21T17:43:53","modified_gmt":"2025-06-21T17:43:53","slug":"lady-stella-csipkebogyo-hidratalo-masszazskrem-500ml","status":"publish","type":"product","link":"http:\/\/jadebeauty.hu\/?product=lady-stella-csipkebogyo-hidratalo-masszazskrem-500ml","title":{"rendered":"Lady STELLA Csipkebogy\u00f3 Hidrat\u00e1l\u00f3 Massz\u00e1zskr\u00e9m sz\u00e1raz-, \u00e9rz\u00e9keny b\u0151rre 500 ml"},"content":{"rendered":"<p>Lady STELLA Csipkebogy\u00f3 hidrat\u00e1l\u00f3 massz\u00e1zskr\u00e9m 500 ml<\/p>\n<p>csipkebogy\u00f3 kivonat \u2022 ceramid \u2022 kamilla \u2022 hidroviton<\/p>\n<p>intenz\u00edv hidrat\u00e1l\u00f3, regener\u00e1l\u00f3, friss\u00edt\u0151 massz\u00e1zskr\u00e9m extra sz\u00e1raz \u00e9s \u00e9rz\u00e9keny b\u0151rre<br \/>\na csipkebogy\u00f3 term\u00e9szetes C- \u00e9s egy\u00e9b vitaminokban (B1-, B2-, K-, P-), \u00e1sv\u00e1nyi anyagokban, nyomelemekben \u00e9s bioflavonoidokban gazdag<br \/>\na ceramid er\u0151s\u00edti a b\u0151r barrier funkci\u00f3it, helyre\u00e1ll\u00edtja term\u00e9szetes lipid r\u00e9teg\u00e9t, seg\u00edti a b\u0151r nedvess\u00e9gmegtart\u00f3 k\u00e9pess\u00e9g\u00e9t, jav\u00edtja rugalmass\u00e1g\u00e1t \u00e9s cs\u00f6kkentheti a r\u00e1ncokat<br \/>\naz akt\u00edv \u00e9s hosszan tart\u00f3 hidrat\u00e1ci\u00f3t biztos\u00edt\u00f3 hidroviton komplex puh\u00edtja \u00e9s selymess\u00e9 teszi a b\u0151rt, hozz\u00e1j\u00e1rul ahhoz, hogy meg\u0151rizze az optim\u00e1lis v\u00edztartalm\u00e1t, fokozza a b\u0151r rugalmass\u00e1g\u00e1t, megakad\u00e1lyozza az \u00f6reged\u00e9s els\u0151 jeleinek a megjelen\u00e9s\u00e9t<br \/>\nA csipkebogy\u00f3 igazi C-vitamin bomba a b\u0151r sz\u00e1m\u00e1ra. Gazdag term\u00e9szetes C-vitaminban \u00e9s egy\u00e9b vitaminokban (B1-, B2-, K-, P), \u00e1sv\u00e1nyi anyagokban, nyomelemekben \u00e9s bioflavonoidokban. Fontos szerepet j\u00e1tszik a kollag\u00e9n termel\u00e9sben, szab\u00e1lyozza a b\u0151r oxid\u00e1ci\u00f3s folyamatait, k\u00e9slelteti a b\u0151r \u00f6reged\u00e9s\u00e9t. Antioxid\u00e1ns hat\u00e1sa r\u00e9v\u00e9n megk\u00f6ti a szabadgy\u00f6k\u00f6ket, v\u00e9di a b\u0151rt a k\u00e1ros k\u00f6rnyezeti hat\u00e1sok ellen.<br \/>\nA csipkebogy\u00f3 10-szer t\u00f6bb term\u00e9szetes C-vitamint tartalmaz, mint b\u00e1rmelyik m\u00e1sik citrus gy\u00fcm\u00f6lcs!<\/p>\n","protected":false},"excerpt":{"rendered":"<p>Lady STELLA Csipkebogy\u00f3 hidrat\u00e1l\u00f3 massz\u00e1zskr\u00e9m 500 ml<br \/>\ncsipkebogy\u00f3 kivonat \u2022 ceramid \u2022 kamilla \u2022 hidroviton<\/p>\n<p>intenz\u00edv hidrat\u00e1l\u00f3, regener\u00e1l\u00f3, friss\u00edt\u0151 massz\u00e1zskr\u00e9m extra sz\u00e1raz \u00e9s \u00e9rz\u00e9keny b\u0151rre<br \/>\na csipkebogy\u00f3 term\u00e9szetes C- \u00e9s egy\u00e9b vitaminokban (B1-, B2-, K-, P-), \u00e1sv\u00e1nyi anyagokban, nyomelemekben \u00e9s bioflavonoidokban gazdag<br \/>\na ceramid er\u0151s\u00edti a b\u0151r barrier funkci\u00f3it, helyre\u00e1ll\u00edtja term\u00e9szetes lipid r\u00e9teg\u00e9t, seg\u00edti a b\u0151r nedvess\u00e9gmegtart\u00f3 k\u00e9pess\u00e9g\u00e9t, jav\u00edtja rugalmass\u00e1g\u00e1t \u00e9s cs\u00f6kkentheti a r\u00e1ncokat<br \/>\naz akt\u00edv \u00e9s hosszan tart\u00f3 hidrat\u00e1ci\u00f3t biztos\u00edt\u00f3 hidroviton komplex puh\u00edtja \u00e9s selymess\u00e9 teszi a b\u0151rt, hozz\u00e1j\u00e1rul ahhoz, hogy meg\u0151rizze az optim\u00e1lis v\u00edztartalm\u00e1t, fokozza a b\u0151r rugalmass\u00e1g\u00e1t, megakad\u00e1lyozza az \u00f6reged\u00e9s els\u0151 jeleinek a megjelen\u00e9s\u00e9t<br \/>\nA csipkebogy\u00f3 igazi C-vitamin bomba a b\u0151r sz\u00e1m\u00e1ra. Gazdag term\u00e9szetes C-vitaminban \u00e9s egy\u00e9b vitaminokban (B1-, B2-, K-, P), \u00e1sv\u00e1nyi anyagokban, nyomelemekben \u00e9s bioflavonoidokban. Fontos szerepet j\u00e1tszik a kollag\u00e9n termel\u00e9sben, szab\u00e1lyozza a b\u0151r oxid\u00e1ci\u00f3s folyamatait, k\u00e9slelteti a b\u0151r \u00f6reged\u00e9s\u00e9t. Antioxid\u00e1ns hat\u00e1sa r\u00e9v\u00e9n megk\u00f6ti a szabadgy\u00f6k\u00f6ket, v\u00e9di a b\u0151rt a k\u00e1ros k\u00f6rnyezeti hat\u00e1sok ellen.<br \/>\nA csipkebogy\u00f3 10-szer t\u00f6bb term\u00e9szetes C-vitamint tartalmaz, mint b\u00e1rmelyik m\u00e1sik citrus gy\u00fcm\u00f6lcs!<\/p>\n","protected":false},"featured_media":2498,"template":"","meta":[],"product_cat":[23,92],"product_tag":[327,48,28,323,11],"yoast_head":"<!-- This site is optimized with the Yoast SEO plugin v17.4 - https:\/\/yoast.com\/wordpress\/plugins\/seo\/ -->\n<title>Lady STELLA Csipkebogy\u00f3 Hidrat\u00e1l\u00f3 Massz\u00e1zskr\u00e9m sz\u00e1raz-, \u00e9rz\u00e9keny b\u0151rre 500 ml - Emspoma webshop<\/title>\n<meta name=\"robots\" content=\"index, follow, max-snippet:-1, max-image-preview:large, max-video-preview:-1\" \/>\n<link rel=\"canonical\" href=\"http:\/\/jadebeauty.hu\/?product=lady-stella-csipkebogyo-hidratalo-masszazskrem-500ml\" \/>\n<meta property=\"og:locale\" content=\"hu_HU\" \/>\n<meta property=\"og:type\" content=\"article\" \/>\n<meta property=\"og:title\" content=\"Lady STELLA Csipkebogy\u00f3 Hidrat\u00e1l\u00f3 Massz\u00e1zskr\u00e9m sz\u00e1raz-, \u00e9rz\u00e9keny b\u0151rre 500 ml - Emspoma webshop\" \/>\n<meta property=\"og:description\" content=\"Lady STELLA Csipkebogy\u00f3 hidrat\u00e1l\u00f3 massz\u00e1zskr\u00e9m 500 ml csipkebogy\u00f3 kivonat \u2022 ceramid \u2022 kamilla \u2022 hidroviton  intenz\u00edv hidrat\u00e1l\u00f3, regener\u00e1l\u00f3, friss\u00edt\u0151 massz\u00e1zskr\u00e9m extra sz\u00e1raz \u00e9s \u00e9rz\u00e9keny b\u0151rre a csipkebogy\u00f3 term\u00e9szetes C- \u00e9s egy\u00e9b vitaminokban (B1-, B2-, K-, P-), \u00e1sv\u00e1nyi anyagokban, nyomelemekben \u00e9s bioflavonoidokban gazdag a ceramid er\u0151s\u00edti a b\u0151r barrier funkci\u00f3it, helyre\u00e1ll\u00edtja term\u00e9szetes lipid r\u00e9teg\u00e9t, seg\u00edti a b\u0151r nedvess\u00e9gmegtart\u00f3 k\u00e9pess\u00e9g\u00e9t, jav\u00edtja rugalmass\u00e1g\u00e1t \u00e9s cs\u00f6kkentheti a r\u00e1ncokat az akt\u00edv \u00e9s hosszan tart\u00f3 hidrat\u00e1ci\u00f3t biztos\u00edt\u00f3 hidroviton komplex puh\u00edtja \u00e9s selymess\u00e9 teszi a b\u0151rt, hozz\u00e1j\u00e1rul ahhoz, hogy meg\u0151rizze az optim\u00e1lis v\u00edztartalm\u00e1t, fokozza a b\u0151r rugalmass\u00e1g\u00e1t, megakad\u00e1lyozza az \u00f6reged\u00e9s els\u0151 jeleinek a megjelen\u00e9s\u00e9t A csipkebogy\u00f3 igazi C-vitamin bomba a b\u0151r sz\u00e1m\u00e1ra. Gazdag term\u00e9szetes C-vitaminban \u00e9s egy\u00e9b vitaminokban (B1-, B2-, K-, P), \u00e1sv\u00e1nyi anyagokban, nyomelemekben \u00e9s bioflavonoidokban. Fontos szerepet j\u00e1tszik a kollag\u00e9n termel\u00e9sben, szab\u00e1lyozza a b\u0151r oxid\u00e1ci\u00f3s folyamatait, k\u00e9slelteti a b\u0151r \u00f6reged\u00e9s\u00e9t. Antioxid\u00e1ns hat\u00e1sa r\u00e9v\u00e9n megk\u00f6ti a szabadgy\u00f6k\u00f6ket, v\u00e9di a b\u0151rt a k\u00e1ros k\u00f6rnyezeti hat\u00e1sok ellen. A csipkebogy\u00f3 10-szer t\u00f6bb term\u00e9szetes C-vitamint tartalmaz, mint b\u00e1rmelyik m\u00e1sik citrus gy\u00fcm\u00f6lcs!\" \/>\n<meta property=\"og:url\" content=\"http:\/\/jadebeauty.hu\/?product=lady-stella-csipkebogyo-hidratalo-masszazskrem-500ml\" \/>\n<meta property=\"og:site_name\" content=\"Emspoma webshop\" \/>\n<meta property=\"article:publisher\" content=\"https:\/\/www.facebook.com\/masszazsbirodalom\/\" \/>\n<meta property=\"article:modified_time\" content=\"2025-06-21T17:43:53+00:00\" \/>\n<meta property=\"og:image\" content=\"http:\/\/jadebeauty.hu\/wp-content\/uploads\/2019\/04\/Lady-Stella-CSIPKEBOGY\u00d3-Hidrat\u00e1l\u00f3-massz\u00e1zskr\u00e9m-500ml-1.jpg\" \/>\n\t<meta property=\"og:image:width\" content=\"400\" \/>\n\t<meta property=\"og:image:height\" content=\"400\" \/>\n<meta name=\"twitter:card\" content=\"summary\" \/>\n<meta name=\"twitter:site\" content=\"@masszazs_bir\" \/>\n<meta name=\"twitter:label1\" content=\"Becs\u00fclt olvas\u00e1si id\u0151\" \/>\n\t<meta name=\"twitter:data1\" content=\"1 perc\" \/>\n<script type=\"application\/ld+json\" class=\"yoast-schema-graph\">{\"@context\":\"https:\/\/schema.org\",\"@graph\":[{\"@type\":\"WebSite\",\"@id\":\"https:\/\/jadebeauty.hu\/#website\",\"url\":\"https:\/\/jadebeauty.hu\/\",\"name\":\"Emspoma webshop\",\"description\":\"\",\"potentialAction\":[{\"@type\":\"SearchAction\",\"target\":{\"@type\":\"EntryPoint\",\"urlTemplate\":\"https:\/\/jadebeauty.hu\/?s={search_term_string}\"},\"query-input\":\"required name=search_term_string\"}],\"inLanguage\":\"hu\"},{\"@type\":\"ImageObject\",\"@id\":\"http:\/\/jadebeauty.hu\/?product=lady-stella-csipkebogyo-hidratalo-masszazskrem-500ml#primaryimage\",\"inLanguage\":\"hu\",\"url\":\"http:\/\/jadebeauty.hu\/wp-content\/uploads\/2019\/04\/Lady-Stella-CSIPKEBOGY\\u00d3-Hidrat\\u00e1l\\u00f3-massz\\u00e1zskr\\u00e9m-500ml-1.jpg\",\"contentUrl\":\"http:\/\/jadebeauty.hu\/wp-content\/uploads\/2019\/04\/Lady-Stella-CSIPKEBOGY\\u00d3-Hidrat\\u00e1l\\u00f3-massz\\u00e1zskr\\u00e9m-500ml-1.jpg\",\"width\":400,\"height\":400,\"caption\":\"Lady Stella CSIPKEBOGY\\u00d3 Hidrat\\u00e1l\\u00f3 massz\\u00e1zskr\\u00e9m 500ml\"},{\"@type\":\"WebPage\",\"@id\":\"http:\/\/jadebeauty.hu\/?product=lady-stella-csipkebogyo-hidratalo-masszazskrem-500ml#webpage\",\"url\":\"http:\/\/jadebeauty.hu\/?product=lady-stella-csipkebogyo-hidratalo-masszazskrem-500ml\",\"name\":\"Lady STELLA Csipkebogy\\u00f3 Hidrat\\u00e1l\\u00f3 Massz\\u00e1zskr\\u00e9m sz\\u00e1raz-, \\u00e9rz\\u00e9keny b\\u0151rre 500 ml - Emspoma webshop\",\"isPartOf\":{\"@id\":\"https:\/\/jadebeauty.hu\/#website\"},\"primaryImageOfPage\":{\"@id\":\"http:\/\/jadebeauty.hu\/?product=lady-stella-csipkebogyo-hidratalo-masszazskrem-500ml#primaryimage\"},\"datePublished\":\"2019-04-01T19:35:53+00:00\",\"dateModified\":\"2025-06-21T17:43:53+00:00\",\"breadcrumb\":{\"@id\":\"http:\/\/jadebeauty.hu\/?product=lady-stella-csipkebogyo-hidratalo-masszazskrem-500ml#breadcrumb\"},\"inLanguage\":\"hu\",\"potentialAction\":[{\"@type\":\"ReadAction\",\"target\":[\"http:\/\/jadebeauty.hu\/?product=lady-stella-csipkebogyo-hidratalo-masszazskrem-500ml\"]}]},{\"@type\":\"BreadcrumbList\",\"@id\":\"http:\/\/jadebeauty.hu\/?product=lady-stella-csipkebogyo-hidratalo-masszazskrem-500ml#breadcrumb\",\"itemListElement\":[{\"@type\":\"ListItem\",\"position\":1,\"name\":\"Home\",\"item\":\"https:\/\/jadebeauty.hu\/\"},{\"@type\":\"ListItem\",\"position\":2,\"name\":\"\\u00dczlet\",\"item\":\"http:\/\/jadebeauty.hu\/?page_id=4\"},{\"@type\":\"ListItem\",\"position\":3,\"name\":\"Lady STELLA Csipkebogy\\u00f3 Hidrat\\u00e1l\\u00f3 Massz\\u00e1zskr\\u00e9m sz\\u00e1raz-, \\u00e9rz\\u00e9keny b\\u0151rre 500 ml\"}]}]}<\/script>\n<!-- \/ Yoast SEO plugin. -->","yoast_head_json":{"title":"Lady STELLA Csipkebogy\u00f3 Hidrat\u00e1l\u00f3 Massz\u00e1zskr\u00e9m sz\u00e1raz-, \u00e9rz\u00e9keny b\u0151rre 500 ml - Emspoma webshop","robots":{"index":"index","follow":"follow","max-snippet":"max-snippet:-1","max-image-preview":"max-image-preview:large","max-video-preview":"max-video-preview:-1"},"canonical":"http:\/\/jadebeauty.hu\/?product=lady-stella-csipkebogyo-hidratalo-masszazskrem-500ml","og_locale":"hu_HU","og_type":"article","og_title":"Lady STELLA Csipkebogy\u00f3 Hidrat\u00e1l\u00f3 Massz\u00e1zskr\u00e9m sz\u00e1raz-, \u00e9rz\u00e9keny b\u0151rre 500 ml - Emspoma webshop","og_description":"Lady STELLA Csipkebogy\u00f3 hidrat\u00e1l\u00f3 massz\u00e1zskr\u00e9m 500 ml csipkebogy\u00f3 kivonat \u2022 ceramid \u2022 kamilla \u2022 hidroviton  intenz\u00edv hidrat\u00e1l\u00f3, regener\u00e1l\u00f3, friss\u00edt\u0151 massz\u00e1zskr\u00e9m extra sz\u00e1raz \u00e9s \u00e9rz\u00e9keny b\u0151rre a csipkebogy\u00f3 term\u00e9szetes C- \u00e9s egy\u00e9b vitaminokban (B1-, B2-, K-, P-), \u00e1sv\u00e1nyi anyagokban, nyomelemekben \u00e9s bioflavonoidokban gazdag a ceramid er\u0151s\u00edti a b\u0151r barrier funkci\u00f3it, helyre\u00e1ll\u00edtja term\u00e9szetes lipid r\u00e9teg\u00e9t, seg\u00edti a b\u0151r nedvess\u00e9gmegtart\u00f3 k\u00e9pess\u00e9g\u00e9t, jav\u00edtja rugalmass\u00e1g\u00e1t \u00e9s cs\u00f6kkentheti a r\u00e1ncokat az akt\u00edv \u00e9s hosszan tart\u00f3 hidrat\u00e1ci\u00f3t biztos\u00edt\u00f3 hidroviton komplex puh\u00edtja \u00e9s selymess\u00e9 teszi a b\u0151rt, hozz\u00e1j\u00e1rul ahhoz, hogy meg\u0151rizze az optim\u00e1lis v\u00edztartalm\u00e1t, fokozza a b\u0151r rugalmass\u00e1g\u00e1t, megakad\u00e1lyozza az \u00f6reged\u00e9s els\u0151 jeleinek a megjelen\u00e9s\u00e9t A csipkebogy\u00f3 igazi C-vitamin bomba a b\u0151r sz\u00e1m\u00e1ra. Gazdag term\u00e9szetes C-vitaminban \u00e9s egy\u00e9b vitaminokban (B1-, B2-, K-, P), \u00e1sv\u00e1nyi anyagokban, nyomelemekben \u00e9s bioflavonoidokban. Fontos szerepet j\u00e1tszik a kollag\u00e9n termel\u00e9sben, szab\u00e1lyozza a b\u0151r oxid\u00e1ci\u00f3s folyamatait, k\u00e9slelteti a b\u0151r \u00f6reged\u00e9s\u00e9t. Antioxid\u00e1ns hat\u00e1sa r\u00e9v\u00e9n megk\u00f6ti a szabadgy\u00f6k\u00f6ket, v\u00e9di a b\u0151rt a k\u00e1ros k\u00f6rnyezeti hat\u00e1sok ellen. A csipkebogy\u00f3 10-szer t\u00f6bb term\u00e9szetes C-vitamint tartalmaz, mint b\u00e1rmelyik m\u00e1sik citrus gy\u00fcm\u00f6lcs!","og_url":"http:\/\/jadebeauty.hu\/?product=lady-stella-csipkebogyo-hidratalo-masszazskrem-500ml","og_site_name":"Emspoma webshop","article_publisher":"https:\/\/www.facebook.com\/masszazsbirodalom\/","article_modified_time":"2025-06-21T17:43:53+00:00","og_image":[{"width":400,"height":400,"url":"http:\/\/jadebeauty.hu\/wp-content\/uploads\/2019\/04\/Lady-Stella-CSIPKEBOGY\u00d3-Hidrat\u00e1l\u00f3-massz\u00e1zskr\u00e9m-500ml-1.jpg","type":"image\/jpeg"}],"twitter_card":"summary","twitter_site":"@masszazs_bir","twitter_misc":{"Becs\u00fclt olvas\u00e1si id\u0151":"1 perc"},"schema":{"@context":"https:\/\/schema.org","@graph":[{"@type":"WebSite","@id":"https:\/\/jadebeauty.hu\/#website","url":"https:\/\/jadebeauty.hu\/","name":"Emspoma webshop","description":"","potentialAction":[{"@type":"SearchAction","target":{"@type":"EntryPoint","urlTemplate":"https:\/\/jadebeauty.hu\/?s={search_term_string}"},"query-input":"required name=search_term_string"}],"inLanguage":"hu"},{"@type":"ImageObject","@id":"http:\/\/jadebeauty.hu\/?product=lady-stella-csipkebogyo-hidratalo-masszazskrem-500ml#primaryimage","inLanguage":"hu","url":"http:\/\/jadebeauty.hu\/wp-content\/uploads\/2019\/04\/Lady-Stella-CSIPKEBOGY\u00d3-Hidrat\u00e1l\u00f3-massz\u00e1zskr\u00e9m-500ml-1.jpg","contentUrl":"http:\/\/jadebeauty.hu\/wp-content\/uploads\/2019\/04\/Lady-Stella-CSIPKEBOGY\u00d3-Hidrat\u00e1l\u00f3-massz\u00e1zskr\u00e9m-500ml-1.jpg","width":400,"height":400,"caption":"Lady Stella CSIPKEBOGY\u00d3 Hidrat\u00e1l\u00f3 massz\u00e1zskr\u00e9m 500ml"},{"@type":"WebPage","@id":"http:\/\/jadebeauty.hu\/?product=lady-stella-csipkebogyo-hidratalo-masszazskrem-500ml#webpage","url":"http:\/\/jadebeauty.hu\/?product=lady-stella-csipkebogyo-hidratalo-masszazskrem-500ml","name":"Lady STELLA Csipkebogy\u00f3 Hidrat\u00e1l\u00f3 Massz\u00e1zskr\u00e9m sz\u00e1raz-, \u00e9rz\u00e9keny b\u0151rre 500 ml - Emspoma webshop","isPartOf":{"@id":"https:\/\/jadebeauty.hu\/#website"},"primaryImageOfPage":{"@id":"http:\/\/jadebeauty.hu\/?product=lady-stella-csipkebogyo-hidratalo-masszazskrem-500ml#primaryimage"},"datePublished":"2019-04-01T19:35:53+00:00","dateModified":"2025-06-21T17:43:53+00:00","breadcrumb":{"@id":"http:\/\/jadebeauty.hu\/?product=lady-stella-csipkebogyo-hidratalo-masszazskrem-500ml#breadcrumb"},"inLanguage":"hu","potentialAction":[{"@type":"ReadAction","target":["http:\/\/jadebeauty.hu\/?product=lady-stella-csipkebogyo-hidratalo-masszazskrem-500ml"]}]},{"@type":"BreadcrumbList","@id":"http:\/\/jadebeauty.hu\/?product=lady-stella-csipkebogyo-hidratalo-masszazskrem-500ml#breadcrumb","itemListElement":[{"@type":"ListItem","position":1,"name":"Home","item":"https:\/\/jadebeauty.hu\/"},{"@type":"ListItem","position":2,"name":"\u00dczlet","item":"http:\/\/jadebeauty.hu\/?page_id=4"},{"@type":"ListItem","position":3,"name":"Lady STELLA Csipkebogy\u00f3 Hidrat\u00e1l\u00f3 Massz\u00e1zskr\u00e9m sz\u00e1raz-, \u00e9rz\u00e9keny b\u0151rre 500 ml"}]}]}},"_links":{"self":[{"href":"http:\/\/jadebeauty.hu\/index.php?rest_route=\/wp\/v2\/product\/1796"}],"collection":[{"href":"http:\/\/jadebeauty.hu\/index.php?rest_route=\/wp\/v2\/product"}],"about":[{"href":"http:\/\/jadebeauty.hu\/index.php?rest_route=\/wp\/v2\/types\/product"}],"wp:featuredmedia":[{"embeddable":true,"href":"http:\/\/jadebeauty.hu\/index.php?rest_route=\/wp\/v2\/media\/2498"}],"wp:attachment":[{"href":"http:\/\/jadebeauty.hu\/index.php?rest_route=%2Fwp%2Fv2%2Fmedia&parent=1796"}],"wp:term":[{"taxonomy":"product_cat","embeddable":true,"href":"http:\/\/jadebeauty.hu\/index.php?rest_route=%2Fwp%2Fv2%2Fproduct_cat&post=1796"},{"taxonomy":"product_tag","embeddable":true,"href":"http:\/\/jadebeauty.hu\/index.php?rest_route=%2Fwp%2Fv2%2Fproduct_tag&post=1796"}],"curies":[{"name":"wp","href":"https:\/\/api.w.org\/{rel}","templated":true}]}}