{"id":1807,"date":"2019-04-05T19:19:05","date_gmt":"2019-04-05T19:19:05","guid":{"rendered":"http:\/\/jadebeauty.hu\/?post_type=product&#038;p=1807"},"modified":"2026-01-14T07:58:34","modified_gmt":"2026-01-14T07:58:34","slug":"luna-visszeres-labra-balzsam-100ml","status":"publish","type":"product","link":"http:\/\/jadebeauty.hu\/?product=luna-visszeres-labra-balzsam-100ml","title":{"rendered":"Dr.Kelen Vissz\u00e9r L\u00e1bkr\u00e9m 100ml"},"content":{"rendered":"<p>A l\u00e1bak v\u00e9rkering\u00e9s\u00e9nek akad\u00e1lytalan m\u0171k\u00f6d\u00e9se rendk\u00edv\u00fcl fontos. A vadgesztenye-kivonat, a v\u00e9n\u00e1k \u00e9vsz\u00e1zados balzsama bizony\u00edtottan kedvez\u0151 a kozmetol\u00f3giailag zavar\u00f3 sepr\u0171v\u00e9na t\u00e1gulat, illetve visszeres \u201eneh\u00e9zl\u00e1b-\u00e9rz\u00e9s\u201d eset\u00e9n. A gy\u00f3gyszerk\u00f6nyvi min\u0151s\u00e9g\u0171 anyagokat, term\u00e9szetes gy\u00f3gyn\u00f6v\u00e9ny-kivonatokat tartalmaz\u00f3 l\u00e1bsz\u00e1rkr\u00e9m jav\u00edtja a b\u0151r hidrat\u00e1lts\u00e1g\u00e1t, k\u00f6nny\u00edt a sajg\u00f3, f\u00e1j\u00f3, visszeres, gyenge kering\u00e9s\u0171, \u00f6d\u00e9m\u00e1s \u00fan. \u201eneh\u00e9z\u201d l\u00e1bakon.<br \/>\nFokozott h\u0171s\u00edt\u0151 hat\u00e1shoz v\u00e1lassza a Dr.Kelen LUNA Vadgeszteny\u00e9s s\u00f3sborszesz g\u00e9lt<\/p>\n<p>Kifejezetten aj\u00e1nlott kismam\u00e1k r\u00e9sz\u00e9re a terhess\u00e9g alatt fell\u00e9p\u0151 visszeres probl\u00e9m\u00e1k eset\u00e9n. Szoptat\u00e1s alatt is biztons\u00e1ggal alkalmazhat\u00f3.<\/p>\n<p>Haszn\u00e1lja naponta 2-3 alkalommal. Haszn\u00e1lata nem j\u00e1r eg\u00e9szs\u00e9g\u00fcgyi kock\u00e1zattal. 1223\/2009\/EC szerinti kozmetikai term\u00e9k.<\/p>\n<p>Alkoholmentes, tart\u00f3s\u00edt\u00f3szert, mesters\u00e9ges illat- \u00e9s sz\u00ednez\u0151anyagot nem tartalmaz.<br \/>\nGy\u00f3gyszer\u00e9szek \u00e1ltal fejlesztett.<\/p>\n<p>Akt\u00edv anyagai: koffein, mentol, citrom-, rozmaringolaj \u00e9s vadgesztenye-kivonat<br \/>\nKiszerel\u00e9se: 100 ml<\/p>\n","protected":false},"excerpt":{"rendered":"<p>A l\u00e1bak v\u00e9rkering\u00e9s\u00e9nek akad\u00e1lytalan m\u0171k\u00f6d\u00e9se rendk\u00edv\u00fcl fontos. A vadgesztenye-kivonat, a v\u00e9n\u00e1k \u00e9vsz\u00e1zados balzsama bizony\u00edtottan kedvez\u0151 a kozmetol\u00f3giailag zavar\u00f3 sepr\u0171v\u00e9na t\u00e1gulat, illetve visszeres \u201eneh\u00e9zl\u00e1b-\u00e9rz\u00e9s\u201d eset\u00e9n. A gy\u00f3gyszerk\u00f6nyvi min\u0151s\u00e9g\u0171 anyagokat, term\u00e9szetes gy\u00f3gyn\u00f6v\u00e9ny-kivonatokat tartalmaz\u00f3 l\u00e1bsz\u00e1rkr\u00e9m jav\u00edtja a b\u0151r hidrat\u00e1lts\u00e1g\u00e1t, k\u00f6nny\u00edt a sajg\u00f3, f\u00e1j\u00f3, visszeres, gyenge kering\u00e9s\u0171, \u00f6d\u00e9m\u00e1s \u00fan. \u201eneh\u00e9z\u201d l\u00e1bakon.<br \/>\nFokozott h\u0171s\u00edt\u0151 hat\u00e1shoz v\u00e1lassza a Dr.Kelen LUNA Vadgeszteny\u00e9s s\u00f3sborszesz g\u00e9lt<\/p>\n<p>Kifejezetten aj\u00e1nlott kismam\u00e1k r\u00e9sz\u00e9re a terhess\u00e9g alatt fell\u00e9p\u0151 visszeres probl\u00e9m\u00e1k eset\u00e9n. Szoptat\u00e1s alatt is biztons\u00e1ggal alkalmazhat\u00f3.<\/p>\n<p>Haszn\u00e1lja naponta 2-3 alkalommal. Haszn\u00e1lata nem j\u00e1r eg\u00e9szs\u00e9g\u00fcgyi kock\u00e1zattal. 1223\/2009\/EC szerinti kozmetikai term\u00e9k.<\/p>\n<p>Alkoholmentes, tart\u00f3s\u00edt\u00f3szert, mesters\u00e9ges illat- \u00e9s sz\u00ednez\u0151anyagot nem tartalmaz.<br \/>\nGy\u00f3gyszer\u00e9szek \u00e1ltal fejlesztett.<\/p>\n<p>Akt\u00edv anyagai: koffein, mentol, citrom-, rozmaringolaj \u00e9s vadgesztenye-kivonat<br \/>\nKiszerel\u00e9se: 100 ml<\/p>\n","protected":false},"featured_media":2803,"template":"","meta":[],"product_cat":[61,305,153],"product_tag":[97,169,101,328,152,19,292,166,167],"yoast_head":"<!-- This site is optimized with the Yoast SEO plugin v17.4 - https:\/\/yoast.com\/wordpress\/plugins\/seo\/ -->\n<title>Dr.Kelen Vissz\u00e9r L\u00e1bkr\u00e9m 100ml - Emspoma webshop<\/title>\n<meta name=\"robots\" content=\"index, follow, max-snippet:-1, max-image-preview:large, max-video-preview:-1\" \/>\n<link rel=\"canonical\" href=\"http:\/\/jadebeauty.hu\/?product=luna-visszeres-labra-balzsam-100ml\" \/>\n<meta property=\"og:locale\" content=\"hu_HU\" \/>\n<meta property=\"og:type\" content=\"article\" \/>\n<meta property=\"og:title\" content=\"Dr.Kelen Vissz\u00e9r L\u00e1bkr\u00e9m 100ml - Emspoma webshop\" \/>\n<meta property=\"og:description\" content=\"A l\u00e1bak v\u00e9rkering\u00e9s\u00e9nek akad\u00e1lytalan m\u0171k\u00f6d\u00e9se rendk\u00edv\u00fcl fontos. A vadgesztenye-kivonat, a v\u00e9n\u00e1k \u00e9vsz\u00e1zados balzsama bizony\u00edtottan kedvez\u0151 a kozmetol\u00f3giailag zavar\u00f3 sepr\u0171v\u00e9na t\u00e1gulat, illetve visszeres \u201eneh\u00e9zl\u00e1b-\u00e9rz\u00e9s\u201d eset\u00e9n. A gy\u00f3gyszerk\u00f6nyvi min\u0151s\u00e9g\u0171 anyagokat, term\u00e9szetes gy\u00f3gyn\u00f6v\u00e9ny-kivonatokat tartalmaz\u00f3 l\u00e1bsz\u00e1rkr\u00e9m jav\u00edtja a b\u0151r hidrat\u00e1lts\u00e1g\u00e1t, k\u00f6nny\u00edt a sajg\u00f3, f\u00e1j\u00f3, visszeres, gyenge kering\u00e9s\u0171, \u00f6d\u00e9m\u00e1s \u00fan. \u201eneh\u00e9z\u201d l\u00e1bakon. Fokozott h\u0171s\u00edt\u0151 hat\u00e1shoz v\u00e1lassza a Dr.Kelen LUNA Vadgeszteny\u00e9s s\u00f3sborszesz g\u00e9lt  Kifejezetten aj\u00e1nlott kismam\u00e1k r\u00e9sz\u00e9re a terhess\u00e9g alatt fell\u00e9p\u0151 visszeres probl\u00e9m\u00e1k eset\u00e9n. Szoptat\u00e1s alatt is biztons\u00e1ggal alkalmazhat\u00f3.  Haszn\u00e1lja naponta 2-3 alkalommal. Haszn\u00e1lata nem j\u00e1r eg\u00e9szs\u00e9g\u00fcgyi kock\u00e1zattal. 1223\/2009\/EC szerinti kozmetikai term\u00e9k.  Alkoholmentes, tart\u00f3s\u00edt\u00f3szert, mesters\u00e9ges illat- \u00e9s sz\u00ednez\u0151anyagot nem tartalmaz. Gy\u00f3gyszer\u00e9szek \u00e1ltal fejlesztett.  Akt\u00edv anyagai: koffein, mentol, citrom-, rozmaringolaj \u00e9s vadgesztenye-kivonat Kiszerel\u00e9se: 100 ml\" \/>\n<meta property=\"og:url\" content=\"http:\/\/jadebeauty.hu\/?product=luna-visszeres-labra-balzsam-100ml\" \/>\n<meta property=\"og:site_name\" content=\"Emspoma webshop\" \/>\n<meta property=\"article:publisher\" content=\"https:\/\/www.facebook.com\/masszazsbirodalom\/\" \/>\n<meta property=\"article:modified_time\" content=\"2026-01-14T07:58:34+00:00\" \/>\n<meta property=\"og:image\" content=\"http:\/\/jadebeauty.hu\/wp-content\/uploads\/2026\/01\/LUNA-Visszer-Labkrem-vadgesztenyes-100-ml.jpg\" \/>\n\t<meta property=\"og:image:width\" content=\"400\" \/>\n\t<meta property=\"og:image:height\" content=\"400\" \/>\n<meta name=\"twitter:card\" content=\"summary\" \/>\n<meta name=\"twitter:site\" content=\"@masszazs_bir\" \/>\n<meta name=\"twitter:label1\" content=\"Becs\u00fclt olvas\u00e1si id\u0151\" \/>\n\t<meta name=\"twitter:data1\" content=\"1 perc\" \/>\n<script type=\"application\/ld+json\" class=\"yoast-schema-graph\">{\"@context\":\"https:\/\/schema.org\",\"@graph\":[{\"@type\":\"WebSite\",\"@id\":\"http:\/\/jadebeauty.hu\/#website\",\"url\":\"http:\/\/jadebeauty.hu\/\",\"name\":\"Emspoma webshop\",\"description\":\"\",\"potentialAction\":[{\"@type\":\"SearchAction\",\"target\":{\"@type\":\"EntryPoint\",\"urlTemplate\":\"http:\/\/jadebeauty.hu\/?s={search_term_string}\"},\"query-input\":\"required name=search_term_string\"}],\"inLanguage\":\"hu\"},{\"@type\":\"ImageObject\",\"@id\":\"http:\/\/jadebeauty.hu\/?product=luna-visszeres-labra-balzsam-100ml#primaryimage\",\"inLanguage\":\"hu\",\"url\":\"http:\/\/jadebeauty.hu\/wp-content\/uploads\/2026\/01\/LUNA-Visszer-Labkrem-vadgesztenyes-100-ml.jpg\",\"contentUrl\":\"http:\/\/jadebeauty.hu\/wp-content\/uploads\/2026\/01\/LUNA-Visszer-Labkrem-vadgesztenyes-100-ml.jpg\",\"width\":400,\"height\":400},{\"@type\":\"WebPage\",\"@id\":\"http:\/\/jadebeauty.hu\/?product=luna-visszeres-labra-balzsam-100ml#webpage\",\"url\":\"http:\/\/jadebeauty.hu\/?product=luna-visszeres-labra-balzsam-100ml\",\"name\":\"Dr.Kelen Vissz\\u00e9r L\\u00e1bkr\\u00e9m 100ml - Emspoma webshop\",\"isPartOf\":{\"@id\":\"http:\/\/jadebeauty.hu\/#website\"},\"primaryImageOfPage\":{\"@id\":\"http:\/\/jadebeauty.hu\/?product=luna-visszeres-labra-balzsam-100ml#primaryimage\"},\"datePublished\":\"2019-04-05T19:19:05+00:00\",\"dateModified\":\"2026-01-14T07:58:34+00:00\",\"breadcrumb\":{\"@id\":\"http:\/\/jadebeauty.hu\/?product=luna-visszeres-labra-balzsam-100ml#breadcrumb\"},\"inLanguage\":\"hu\",\"potentialAction\":[{\"@type\":\"ReadAction\",\"target\":[\"http:\/\/jadebeauty.hu\/?product=luna-visszeres-labra-balzsam-100ml\"]}]},{\"@type\":\"BreadcrumbList\",\"@id\":\"http:\/\/jadebeauty.hu\/?product=luna-visszeres-labra-balzsam-100ml#breadcrumb\",\"itemListElement\":[{\"@type\":\"ListItem\",\"position\":1,\"name\":\"Home\",\"item\":\"http:\/\/jadebeauty.hu\/\"},{\"@type\":\"ListItem\",\"position\":2,\"name\":\"\\u00dczlet\",\"item\":\"http:\/\/jadebeauty.hu\/?page_id=4\"},{\"@type\":\"ListItem\",\"position\":3,\"name\":\"Dr.Kelen Vissz\\u00e9r L\\u00e1bkr\\u00e9m 100ml\"}]}]}<\/script>\n<!-- \/ Yoast SEO plugin. -->","yoast_head_json":{"title":"Dr.Kelen Vissz\u00e9r L\u00e1bkr\u00e9m 100ml - Emspoma webshop","robots":{"index":"index","follow":"follow","max-snippet":"max-snippet:-1","max-image-preview":"max-image-preview:large","max-video-preview":"max-video-preview:-1"},"canonical":"http:\/\/jadebeauty.hu\/?product=luna-visszeres-labra-balzsam-100ml","og_locale":"hu_HU","og_type":"article","og_title":"Dr.Kelen Vissz\u00e9r L\u00e1bkr\u00e9m 100ml - Emspoma webshop","og_description":"A l\u00e1bak v\u00e9rkering\u00e9s\u00e9nek akad\u00e1lytalan m\u0171k\u00f6d\u00e9se rendk\u00edv\u00fcl fontos. A vadgesztenye-kivonat, a v\u00e9n\u00e1k \u00e9vsz\u00e1zados balzsama bizony\u00edtottan kedvez\u0151 a kozmetol\u00f3giailag zavar\u00f3 sepr\u0171v\u00e9na t\u00e1gulat, illetve visszeres \u201eneh\u00e9zl\u00e1b-\u00e9rz\u00e9s\u201d eset\u00e9n. A gy\u00f3gyszerk\u00f6nyvi min\u0151s\u00e9g\u0171 anyagokat, term\u00e9szetes gy\u00f3gyn\u00f6v\u00e9ny-kivonatokat tartalmaz\u00f3 l\u00e1bsz\u00e1rkr\u00e9m jav\u00edtja a b\u0151r hidrat\u00e1lts\u00e1g\u00e1t, k\u00f6nny\u00edt a sajg\u00f3, f\u00e1j\u00f3, visszeres, gyenge kering\u00e9s\u0171, \u00f6d\u00e9m\u00e1s \u00fan. \u201eneh\u00e9z\u201d l\u00e1bakon. Fokozott h\u0171s\u00edt\u0151 hat\u00e1shoz v\u00e1lassza a Dr.Kelen LUNA Vadgeszteny\u00e9s s\u00f3sborszesz g\u00e9lt  Kifejezetten aj\u00e1nlott kismam\u00e1k r\u00e9sz\u00e9re a terhess\u00e9g alatt fell\u00e9p\u0151 visszeres probl\u00e9m\u00e1k eset\u00e9n. Szoptat\u00e1s alatt is biztons\u00e1ggal alkalmazhat\u00f3.  Haszn\u00e1lja naponta 2-3 alkalommal. Haszn\u00e1lata nem j\u00e1r eg\u00e9szs\u00e9g\u00fcgyi kock\u00e1zattal. 1223\/2009\/EC szerinti kozmetikai term\u00e9k.  Alkoholmentes, tart\u00f3s\u00edt\u00f3szert, mesters\u00e9ges illat- \u00e9s sz\u00ednez\u0151anyagot nem tartalmaz. Gy\u00f3gyszer\u00e9szek \u00e1ltal fejlesztett.  Akt\u00edv anyagai: koffein, mentol, citrom-, rozmaringolaj \u00e9s vadgesztenye-kivonat Kiszerel\u00e9se: 100 ml","og_url":"http:\/\/jadebeauty.hu\/?product=luna-visszeres-labra-balzsam-100ml","og_site_name":"Emspoma webshop","article_publisher":"https:\/\/www.facebook.com\/masszazsbirodalom\/","article_modified_time":"2026-01-14T07:58:34+00:00","og_image":[{"width":400,"height":400,"url":"http:\/\/jadebeauty.hu\/wp-content\/uploads\/2026\/01\/LUNA-Visszer-Labkrem-vadgesztenyes-100-ml.jpg","type":"image\/jpeg"}],"twitter_card":"summary","twitter_site":"@masszazs_bir","twitter_misc":{"Becs\u00fclt olvas\u00e1si id\u0151":"1 perc"},"schema":{"@context":"https:\/\/schema.org","@graph":[{"@type":"WebSite","@id":"http:\/\/jadebeauty.hu\/#website","url":"http:\/\/jadebeauty.hu\/","name":"Emspoma webshop","description":"","potentialAction":[{"@type":"SearchAction","target":{"@type":"EntryPoint","urlTemplate":"http:\/\/jadebeauty.hu\/?s={search_term_string}"},"query-input":"required name=search_term_string"}],"inLanguage":"hu"},{"@type":"ImageObject","@id":"http:\/\/jadebeauty.hu\/?product=luna-visszeres-labra-balzsam-100ml#primaryimage","inLanguage":"hu","url":"http:\/\/jadebeauty.hu\/wp-content\/uploads\/2026\/01\/LUNA-Visszer-Labkrem-vadgesztenyes-100-ml.jpg","contentUrl":"http:\/\/jadebeauty.hu\/wp-content\/uploads\/2026\/01\/LUNA-Visszer-Labkrem-vadgesztenyes-100-ml.jpg","width":400,"height":400},{"@type":"WebPage","@id":"http:\/\/jadebeauty.hu\/?product=luna-visszeres-labra-balzsam-100ml#webpage","url":"http:\/\/jadebeauty.hu\/?product=luna-visszeres-labra-balzsam-100ml","name":"Dr.Kelen Vissz\u00e9r L\u00e1bkr\u00e9m 100ml - Emspoma webshop","isPartOf":{"@id":"http:\/\/jadebeauty.hu\/#website"},"primaryImageOfPage":{"@id":"http:\/\/jadebeauty.hu\/?product=luna-visszeres-labra-balzsam-100ml#primaryimage"},"datePublished":"2019-04-05T19:19:05+00:00","dateModified":"2026-01-14T07:58:34+00:00","breadcrumb":{"@id":"http:\/\/jadebeauty.hu\/?product=luna-visszeres-labra-balzsam-100ml#breadcrumb"},"inLanguage":"hu","potentialAction":[{"@type":"ReadAction","target":["http:\/\/jadebeauty.hu\/?product=luna-visszeres-labra-balzsam-100ml"]}]},{"@type":"BreadcrumbList","@id":"http:\/\/jadebeauty.hu\/?product=luna-visszeres-labra-balzsam-100ml#breadcrumb","itemListElement":[{"@type":"ListItem","position":1,"name":"Home","item":"http:\/\/jadebeauty.hu\/"},{"@type":"ListItem","position":2,"name":"\u00dczlet","item":"http:\/\/jadebeauty.hu\/?page_id=4"},{"@type":"ListItem","position":3,"name":"Dr.Kelen Vissz\u00e9r L\u00e1bkr\u00e9m 100ml"}]}]}},"_links":{"self":[{"href":"http:\/\/jadebeauty.hu\/index.php?rest_route=\/wp\/v2\/product\/1807"}],"collection":[{"href":"http:\/\/jadebeauty.hu\/index.php?rest_route=\/wp\/v2\/product"}],"about":[{"href":"http:\/\/jadebeauty.hu\/index.php?rest_route=\/wp\/v2\/types\/product"}],"wp:featuredmedia":[{"embeddable":true,"href":"http:\/\/jadebeauty.hu\/index.php?rest_route=\/wp\/v2\/media\/2803"}],"wp:attachment":[{"href":"http:\/\/jadebeauty.hu\/index.php?rest_route=%2Fwp%2Fv2%2Fmedia&parent=1807"}],"wp:term":[{"taxonomy":"product_cat","embeddable":true,"href":"http:\/\/jadebeauty.hu\/index.php?rest_route=%2Fwp%2Fv2%2Fproduct_cat&post=1807"},{"taxonomy":"product_tag","embeddable":true,"href":"http:\/\/jadebeauty.hu\/index.php?rest_route=%2Fwp%2Fv2%2Fproduct_tag&post=1807"}],"curies":[{"name":"wp","href":"https:\/\/api.w.org\/{rel}","templated":true}]}}