{"id":522,"date":"2016-09-29T13:19:21","date_gmt":"2016-09-29T13:19:21","guid":{"rendered":"http:\/\/jadebeauty.hu\/?post_type=product&#038;p=522"},"modified":"2026-01-10T16:03:46","modified_gmt":"2026-01-10T16:03:46","slug":"emspoma-bemelegito-1000-ml","status":"publish","type":"product","link":"http:\/\/jadebeauty.hu\/?product=emspoma-bemelegito-1000-ml","title":{"rendered":"Emspoma Bemeleg\u00edt\u0151 1000 ml"},"content":{"rendered":"<p>Az Emspoma bemeleg\u00edt\u0151 test bizonyos r\u00e9szeinek gyors, er\u0151teljes bemeleg\u00edt\u00e9s\u00e9re aj\u00e1nlott.<br \/>\nEmellett megel\u0151z\u0151 kr\u00e9mk\u00e9nt javasolt h\u00faz\u00f3d\u00e1sok,<br \/>\nizomg\u00f6rcs\u00f6k megel\u0151z\u00e9s\u00e9re, izomcsom\u00f3k old\u00e1s\u00e1ra.<br \/>\nA k\u00e9sz\u00edtm\u00e9ny fokozott v\u00e9rb\u0151s\u00e9get okoz!<br \/>\nCapsaicin \u00e9rz\u00e9kenyek ne haszn\u00e1lj\u00e1k!<br \/>\nHaszn\u00e1lat el\u0151tt v\u00e9gezzen b\u0151rpr\u00f3b\u00e1t!<\/p>\n<p>&nbsp;<\/p>\n","protected":false},"excerpt":{"rendered":"<p>Az Emspoma bemeleg\u00edt\u0151 test bizonyos r\u00e9szeinek gyors, er\u0151teljes bemeleg\u00edt\u00e9s\u00e9re aj\u00e1nlott. Emellett megel\u0151z\u0151 kr\u00e9mk\u00e9nt javasolt h\u00faz\u00f3d\u00e1sok, izomg\u00f6rcs\u00f6k megel\u0151z\u00e9s\u00e9re, izomcsom\u00f3k old\u00e1s\u00e1ra. A k\u00e9sz\u00edtm\u00e9ny fokozott v\u00e9rb\u0151s\u00e9get okoz! Capsaicin \u00e9rz\u00e9kenyek ne haszn\u00e1lj\u00e1k! Haszn\u00e1lat el\u0151tt v\u00e9gezzen b\u0151rpr\u00f3b\u00e1t! &nbsp;<\/p>\n","protected":false},"featured_media":2767,"template":"","meta":[],"product_cat":[6,8,13],"product_tag":[14,15,7,16,11,12],"yoast_head":"<!-- This site is optimized with the Yoast SEO plugin v17.4 - https:\/\/yoast.com\/wordpress\/plugins\/seo\/ -->\n<title>Emspoma Bemeleg\u00edt\u0151 1000 ml - Emspoma webshop<\/title>\n<meta name=\"robots\" content=\"index, follow, max-snippet:-1, max-image-preview:large, max-video-preview:-1\" \/>\n<link rel=\"canonical\" href=\"http:\/\/jadebeauty.hu\/?product=emspoma-bemelegito-1000-ml\" \/>\n<meta property=\"og:locale\" content=\"hu_HU\" \/>\n<meta property=\"og:type\" content=\"article\" \/>\n<meta property=\"og:title\" content=\"Emspoma Bemeleg\u00edt\u0151 1000 ml - Emspoma webshop\" \/>\n<meta property=\"og:description\" content=\"Az Emspoma bemeleg\u00edt\u0151 test bizonyos r\u00e9szeinek gyors, er\u0151teljes bemeleg\u00edt\u00e9s\u00e9re aj\u00e1nlott. Emellett megel\u0151z\u0151 kr\u00e9mk\u00e9nt javasolt h\u00faz\u00f3d\u00e1sok, izomg\u00f6rcs\u00f6k megel\u0151z\u00e9s\u00e9re, izomcsom\u00f3k old\u00e1s\u00e1ra. A k\u00e9sz\u00edtm\u00e9ny fokozott v\u00e9rb\u0151s\u00e9get okoz! Capsaicin \u00e9rz\u00e9kenyek ne haszn\u00e1lj\u00e1k! Haszn\u00e1lat el\u0151tt v\u00e9gezzen b\u0151rpr\u00f3b\u00e1t! &nbsp;\" \/>\n<meta property=\"og:url\" content=\"http:\/\/jadebeauty.hu\/?product=emspoma-bemelegito-1000-ml\" \/>\n<meta property=\"og:site_name\" content=\"Emspoma webshop\" \/>\n<meta property=\"article:publisher\" content=\"https:\/\/www.facebook.com\/masszazsbirodalom\/\" \/>\n<meta property=\"article:modified_time\" content=\"2026-01-10T16:03:46+00:00\" \/>\n<meta property=\"og:image\" content=\"http:\/\/jadebeauty.hu\/wp-content\/uploads\/2016\/09\/Emspoma-bemelegito-1000ml-scaled.jpg\" \/>\n\t<meta property=\"og:image:width\" content=\"1920\" \/>\n\t<meta property=\"og:image:height\" content=\"2560\" \/>\n<meta name=\"twitter:card\" content=\"summary\" \/>\n<meta name=\"twitter:site\" content=\"@masszazs_bir\" \/>\n<script type=\"application\/ld+json\" class=\"yoast-schema-graph\">{\"@context\":\"https:\/\/schema.org\",\"@graph\":[{\"@type\":\"WebSite\",\"@id\":\"http:\/\/jadebeauty.hu\/#website\",\"url\":\"http:\/\/jadebeauty.hu\/\",\"name\":\"Emspoma webshop\",\"description\":\"\",\"potentialAction\":[{\"@type\":\"SearchAction\",\"target\":{\"@type\":\"EntryPoint\",\"urlTemplate\":\"http:\/\/jadebeauty.hu\/?s={search_term_string}\"},\"query-input\":\"required name=search_term_string\"}],\"inLanguage\":\"hu\"},{\"@type\":\"ImageObject\",\"@id\":\"http:\/\/jadebeauty.hu\/?product=emspoma-bemelegito-1000-ml#primaryimage\",\"inLanguage\":\"hu\",\"url\":\"http:\/\/jadebeauty.hu\/wp-content\/uploads\/2016\/09\/Emspoma-bemelegito-1000ml-scaled.jpg\",\"contentUrl\":\"http:\/\/jadebeauty.hu\/wp-content\/uploads\/2016\/09\/Emspoma-bemelegito-1000ml-scaled.jpg\",\"width\":1920,\"height\":2560,\"caption\":\"Emspoma bemeleg\\u00edt\\u0151 1000ml\"},{\"@type\":\"WebPage\",\"@id\":\"http:\/\/jadebeauty.hu\/?product=emspoma-bemelegito-1000-ml#webpage\",\"url\":\"http:\/\/jadebeauty.hu\/?product=emspoma-bemelegito-1000-ml\",\"name\":\"Emspoma Bemeleg\\u00edt\\u0151 1000 ml - Emspoma webshop\",\"isPartOf\":{\"@id\":\"http:\/\/jadebeauty.hu\/#website\"},\"primaryImageOfPage\":{\"@id\":\"http:\/\/jadebeauty.hu\/?product=emspoma-bemelegito-1000-ml#primaryimage\"},\"datePublished\":\"2016-09-29T13:19:21+00:00\",\"dateModified\":\"2026-01-10T16:03:46+00:00\",\"breadcrumb\":{\"@id\":\"http:\/\/jadebeauty.hu\/?product=emspoma-bemelegito-1000-ml#breadcrumb\"},\"inLanguage\":\"hu\",\"potentialAction\":[{\"@type\":\"ReadAction\",\"target\":[\"http:\/\/jadebeauty.hu\/?product=emspoma-bemelegito-1000-ml\"]}]},{\"@type\":\"BreadcrumbList\",\"@id\":\"http:\/\/jadebeauty.hu\/?product=emspoma-bemelegito-1000-ml#breadcrumb\",\"itemListElement\":[{\"@type\":\"ListItem\",\"position\":1,\"name\":\"Home\",\"item\":\"http:\/\/jadebeauty.hu\/\"},{\"@type\":\"ListItem\",\"position\":2,\"name\":\"\\u00dczlet\",\"item\":\"http:\/\/jadebeauty.hu\/?page_id=4\"},{\"@type\":\"ListItem\",\"position\":3,\"name\":\"Emspoma Bemeleg\\u00edt\\u0151 1000 ml\"}]}]}<\/script>\n<!-- \/ Yoast SEO plugin. -->","yoast_head_json":{"title":"Emspoma Bemeleg\u00edt\u0151 1000 ml - Emspoma webshop","robots":{"index":"index","follow":"follow","max-snippet":"max-snippet:-1","max-image-preview":"max-image-preview:large","max-video-preview":"max-video-preview:-1"},"canonical":"http:\/\/jadebeauty.hu\/?product=emspoma-bemelegito-1000-ml","og_locale":"hu_HU","og_type":"article","og_title":"Emspoma Bemeleg\u00edt\u0151 1000 ml - Emspoma webshop","og_description":"Az Emspoma bemeleg\u00edt\u0151 test bizonyos r\u00e9szeinek gyors, er\u0151teljes bemeleg\u00edt\u00e9s\u00e9re aj\u00e1nlott. Emellett megel\u0151z\u0151 kr\u00e9mk\u00e9nt javasolt h\u00faz\u00f3d\u00e1sok, izomg\u00f6rcs\u00f6k megel\u0151z\u00e9s\u00e9re, izomcsom\u00f3k old\u00e1s\u00e1ra. A k\u00e9sz\u00edtm\u00e9ny fokozott v\u00e9rb\u0151s\u00e9get okoz! Capsaicin \u00e9rz\u00e9kenyek ne haszn\u00e1lj\u00e1k! Haszn\u00e1lat el\u0151tt v\u00e9gezzen b\u0151rpr\u00f3b\u00e1t! &nbsp;","og_url":"http:\/\/jadebeauty.hu\/?product=emspoma-bemelegito-1000-ml","og_site_name":"Emspoma webshop","article_publisher":"https:\/\/www.facebook.com\/masszazsbirodalom\/","article_modified_time":"2026-01-10T16:03:46+00:00","og_image":[{"width":1920,"height":2560,"url":"http:\/\/jadebeauty.hu\/wp-content\/uploads\/2016\/09\/Emspoma-bemelegito-1000ml-scaled.jpg","type":"image\/jpeg"}],"twitter_card":"summary","twitter_site":"@masszazs_bir","schema":{"@context":"https:\/\/schema.org","@graph":[{"@type":"WebSite","@id":"http:\/\/jadebeauty.hu\/#website","url":"http:\/\/jadebeauty.hu\/","name":"Emspoma webshop","description":"","potentialAction":[{"@type":"SearchAction","target":{"@type":"EntryPoint","urlTemplate":"http:\/\/jadebeauty.hu\/?s={search_term_string}"},"query-input":"required name=search_term_string"}],"inLanguage":"hu"},{"@type":"ImageObject","@id":"http:\/\/jadebeauty.hu\/?product=emspoma-bemelegito-1000-ml#primaryimage","inLanguage":"hu","url":"http:\/\/jadebeauty.hu\/wp-content\/uploads\/2016\/09\/Emspoma-bemelegito-1000ml-scaled.jpg","contentUrl":"http:\/\/jadebeauty.hu\/wp-content\/uploads\/2016\/09\/Emspoma-bemelegito-1000ml-scaled.jpg","width":1920,"height":2560,"caption":"Emspoma bemeleg\u00edt\u0151 1000ml"},{"@type":"WebPage","@id":"http:\/\/jadebeauty.hu\/?product=emspoma-bemelegito-1000-ml#webpage","url":"http:\/\/jadebeauty.hu\/?product=emspoma-bemelegito-1000-ml","name":"Emspoma Bemeleg\u00edt\u0151 1000 ml - Emspoma webshop","isPartOf":{"@id":"http:\/\/jadebeauty.hu\/#website"},"primaryImageOfPage":{"@id":"http:\/\/jadebeauty.hu\/?product=emspoma-bemelegito-1000-ml#primaryimage"},"datePublished":"2016-09-29T13:19:21+00:00","dateModified":"2026-01-10T16:03:46+00:00","breadcrumb":{"@id":"http:\/\/jadebeauty.hu\/?product=emspoma-bemelegito-1000-ml#breadcrumb"},"inLanguage":"hu","potentialAction":[{"@type":"ReadAction","target":["http:\/\/jadebeauty.hu\/?product=emspoma-bemelegito-1000-ml"]}]},{"@type":"BreadcrumbList","@id":"http:\/\/jadebeauty.hu\/?product=emspoma-bemelegito-1000-ml#breadcrumb","itemListElement":[{"@type":"ListItem","position":1,"name":"Home","item":"http:\/\/jadebeauty.hu\/"},{"@type":"ListItem","position":2,"name":"\u00dczlet","item":"http:\/\/jadebeauty.hu\/?page_id=4"},{"@type":"ListItem","position":3,"name":"Emspoma Bemeleg\u00edt\u0151 1000 ml"}]}]}},"_links":{"self":[{"href":"http:\/\/jadebeauty.hu\/index.php?rest_route=\/wp\/v2\/product\/522"}],"collection":[{"href":"http:\/\/jadebeauty.hu\/index.php?rest_route=\/wp\/v2\/product"}],"about":[{"href":"http:\/\/jadebeauty.hu\/index.php?rest_route=\/wp\/v2\/types\/product"}],"wp:featuredmedia":[{"embeddable":true,"href":"http:\/\/jadebeauty.hu\/index.php?rest_route=\/wp\/v2\/media\/2767"}],"wp:attachment":[{"href":"http:\/\/jadebeauty.hu\/index.php?rest_route=%2Fwp%2Fv2%2Fmedia&parent=522"}],"wp:term":[{"taxonomy":"product_cat","embeddable":true,"href":"http:\/\/jadebeauty.hu\/index.php?rest_route=%2Fwp%2Fv2%2Fproduct_cat&post=522"},{"taxonomy":"product_tag","embeddable":true,"href":"http:\/\/jadebeauty.hu\/index.php?rest_route=%2Fwp%2Fv2%2Fproduct_tag&post=522"}],"curies":[{"name":"wp","href":"https:\/\/api.w.org\/{rel}","templated":true}]}}