{"id":957,"date":"2016-07-17T16:56:17","date_gmt":"2016-07-17T16:56:17","guid":{"rendered":"http:\/\/jadebeauty.hu\/?post_type=product&#038;p=957"},"modified":"2024-07-14T20:17:39","modified_gmt":"2024-07-14T20:17:39","slug":"yamuna-narancs-fahej-masszirozo-krem-1000-ml","status":"publish","type":"product","link":"http:\/\/jadebeauty.hu\/?product=yamuna-narancs-fahej-masszirozo-krem-1000-ml","title":{"rendered":"Yamuna narancs fah\u00e9j massz\u00edroz\u00f3 kr\u00e9m 1000 ml"},"content":{"rendered":"","protected":false},"excerpt":{"rendered":"<p>\u00c1ltal\u00e1nos haszn\u00e1lat\u00fa massz\u00edroz\u00f3 kr\u00e9m, narancs \u00e9s fah\u00e9j illattal! A b\u0151rbe lassan sz\u00edv\u00f3dik be, nagy zs\u00edrtartalma j\u00f3 ken\u0151d\u00e9st biztos\u00edt. S\u00edkoss\u00e1 teszi a b\u0151r fel\u00fclet\u00e9t, \u00edgy megk\u00f6nny\u00edti a massz\u00edroz\u00e1s m\u0171velet\u00e9t, meg\u00f3vja a b\u0151rt a mechanikai ig\u00e9nybev\u00e9telt\u0151l.\u00a0\u00d6sszetev\u0151i n\u00f6velik a b\u0151r rugalmass\u00e1g\u00e1t, valamint regener\u00e1lj\u00e1k a kisz\u00e1radt b\u0151rt. Massz\u00edroz\u00e1s ut\u00e1n k\u00f6nnyen lemoshat\u00f3. Sz\u00ednez\u00e9ket nem tartalmaz.<\/p>\n","protected":false},"featured_media":1428,"template":"","meta":[],"product_cat":[23,231],"product_tag":[69,11,70,230],"yoast_head":"<!-- This site is optimized with the Yoast SEO plugin v17.4 - https:\/\/yoast.com\/wordpress\/plugins\/seo\/ -->\n<title>Yamuna narancs fah\u00e9j massz\u00edroz\u00f3 kr\u00e9m 1000 ml - Emspoma webshop<\/title>\n<meta name=\"robots\" content=\"index, follow, max-snippet:-1, max-image-preview:large, max-video-preview:-1\" \/>\n<link rel=\"canonical\" href=\"http:\/\/jadebeauty.hu\/?product=yamuna-narancs-fahej-masszirozo-krem-1000-ml\" \/>\n<meta property=\"og:locale\" content=\"hu_HU\" \/>\n<meta property=\"og:type\" content=\"article\" \/>\n<meta property=\"og:title\" content=\"Yamuna narancs fah\u00e9j massz\u00edroz\u00f3 kr\u00e9m 1000 ml - Emspoma webshop\" \/>\n<meta property=\"og:description\" content=\"\u00c1ltal\u00e1nos haszn\u00e1lat\u00fa massz\u00edroz\u00f3 kr\u00e9m, narancs \u00e9s fah\u00e9j illattal! A b\u0151rbe lassan sz\u00edv\u00f3dik be, nagy zs\u00edrtartalma j\u00f3 ken\u0151d\u00e9st biztos\u00edt. S\u00edkoss\u00e1 teszi a b\u0151r fel\u00fclet\u00e9t, \u00edgy megk\u00f6nny\u00edti a massz\u00edroz\u00e1s m\u0171velet\u00e9t, meg\u00f3vja a b\u0151rt a mechanikai ig\u00e9nybev\u00e9telt\u0151l.\u00a0\u00d6sszetev\u0151i n\u00f6velik a b\u0151r rugalmass\u00e1g\u00e1t, valamint regener\u00e1lj\u00e1k a kisz\u00e1radt b\u0151rt. Massz\u00edroz\u00e1s ut\u00e1n k\u00f6nnyen lemoshat\u00f3. Sz\u00ednez\u00e9ket nem tartalmaz.\" \/>\n<meta property=\"og:url\" content=\"http:\/\/jadebeauty.hu\/?product=yamuna-narancs-fahej-masszirozo-krem-1000-ml\" \/>\n<meta property=\"og:site_name\" content=\"Emspoma webshop\" \/>\n<meta property=\"article:publisher\" content=\"https:\/\/www.facebook.com\/masszazsbirodalom\/\" \/>\n<meta property=\"article:modified_time\" content=\"2024-07-14T20:17:39+00:00\" \/>\n<meta property=\"og:image\" content=\"http:\/\/jadebeauty.hu\/wp-content\/uploads\/2016\/09\/15-yamuna-zsiros-masszirozo-krem-narancs-fahejasok.jpg\" \/>\n\t<meta property=\"og:image:width\" content=\"300\" \/>\n\t<meta property=\"og:image:height\" content=\"300\" \/>\n<meta name=\"twitter:card\" content=\"summary\" \/>\n<meta name=\"twitter:site\" content=\"@masszazs_bir\" \/>\n<script type=\"application\/ld+json\" class=\"yoast-schema-graph\">{\"@context\":\"https:\/\/schema.org\",\"@graph\":[{\"@type\":\"WebSite\",\"@id\":\"http:\/\/jadebeauty.hu\/#website\",\"url\":\"http:\/\/jadebeauty.hu\/\",\"name\":\"Emspoma webshop\",\"description\":\"\",\"potentialAction\":[{\"@type\":\"SearchAction\",\"target\":{\"@type\":\"EntryPoint\",\"urlTemplate\":\"http:\/\/jadebeauty.hu\/?s={search_term_string}\"},\"query-input\":\"required name=search_term_string\"}],\"inLanguage\":\"hu\"},{\"@type\":\"ImageObject\",\"@id\":\"http:\/\/jadebeauty.hu\/?product=yamuna-narancs-fahej-masszirozo-krem-1000-ml#primaryimage\",\"inLanguage\":\"hu\",\"url\":\"http:\/\/jadebeauty.hu\/wp-content\/uploads\/2016\/09\/15-yamuna-zsiros-masszirozo-krem-narancs-fahejasok.jpg\",\"contentUrl\":\"http:\/\/jadebeauty.hu\/wp-content\/uploads\/2016\/09\/15-yamuna-zsiros-masszirozo-krem-narancs-fahejasok.jpg\",\"width\":300,\"height\":300,\"caption\":\"Yamuna narancs fah\\u00e9j massz\\u00edroz\\u00f3 kr\\u00e9m 1000 ml\"},{\"@type\":\"WebPage\",\"@id\":\"http:\/\/jadebeauty.hu\/?product=yamuna-narancs-fahej-masszirozo-krem-1000-ml#webpage\",\"url\":\"http:\/\/jadebeauty.hu\/?product=yamuna-narancs-fahej-masszirozo-krem-1000-ml\",\"name\":\"Yamuna narancs fah\\u00e9j massz\\u00edroz\\u00f3 kr\\u00e9m 1000 ml - Emspoma webshop\",\"isPartOf\":{\"@id\":\"http:\/\/jadebeauty.hu\/#website\"},\"primaryImageOfPage\":{\"@id\":\"http:\/\/jadebeauty.hu\/?product=yamuna-narancs-fahej-masszirozo-krem-1000-ml#primaryimage\"},\"datePublished\":\"2016-07-17T16:56:17+00:00\",\"dateModified\":\"2024-07-14T20:17:39+00:00\",\"breadcrumb\":{\"@id\":\"http:\/\/jadebeauty.hu\/?product=yamuna-narancs-fahej-masszirozo-krem-1000-ml#breadcrumb\"},\"inLanguage\":\"hu\",\"potentialAction\":[{\"@type\":\"ReadAction\",\"target\":[\"http:\/\/jadebeauty.hu\/?product=yamuna-narancs-fahej-masszirozo-krem-1000-ml\"]}]},{\"@type\":\"BreadcrumbList\",\"@id\":\"http:\/\/jadebeauty.hu\/?product=yamuna-narancs-fahej-masszirozo-krem-1000-ml#breadcrumb\",\"itemListElement\":[{\"@type\":\"ListItem\",\"position\":1,\"name\":\"Home\",\"item\":\"http:\/\/jadebeauty.hu\/\"},{\"@type\":\"ListItem\",\"position\":2,\"name\":\"\\u00dczlet\",\"item\":\"http:\/\/jadebeauty.hu\/?page_id=4\"},{\"@type\":\"ListItem\",\"position\":3,\"name\":\"Yamuna narancs fah\\u00e9j massz\\u00edroz\\u00f3 kr\\u00e9m 1000 ml\"}]}]}<\/script>\n<!-- \/ Yoast SEO plugin. -->","yoast_head_json":{"title":"Yamuna narancs fah\u00e9j massz\u00edroz\u00f3 kr\u00e9m 1000 ml - Emspoma webshop","robots":{"index":"index","follow":"follow","max-snippet":"max-snippet:-1","max-image-preview":"max-image-preview:large","max-video-preview":"max-video-preview:-1"},"canonical":"http:\/\/jadebeauty.hu\/?product=yamuna-narancs-fahej-masszirozo-krem-1000-ml","og_locale":"hu_HU","og_type":"article","og_title":"Yamuna narancs fah\u00e9j massz\u00edroz\u00f3 kr\u00e9m 1000 ml - Emspoma webshop","og_description":"\u00c1ltal\u00e1nos haszn\u00e1lat\u00fa massz\u00edroz\u00f3 kr\u00e9m, narancs \u00e9s fah\u00e9j illattal! A b\u0151rbe lassan sz\u00edv\u00f3dik be, nagy zs\u00edrtartalma j\u00f3 ken\u0151d\u00e9st biztos\u00edt. S\u00edkoss\u00e1 teszi a b\u0151r fel\u00fclet\u00e9t, \u00edgy megk\u00f6nny\u00edti a massz\u00edroz\u00e1s m\u0171velet\u00e9t, meg\u00f3vja a b\u0151rt a mechanikai ig\u00e9nybev\u00e9telt\u0151l.\u00a0\u00d6sszetev\u0151i n\u00f6velik a b\u0151r rugalmass\u00e1g\u00e1t, valamint regener\u00e1lj\u00e1k a kisz\u00e1radt b\u0151rt. Massz\u00edroz\u00e1s ut\u00e1n k\u00f6nnyen lemoshat\u00f3. Sz\u00ednez\u00e9ket nem tartalmaz.","og_url":"http:\/\/jadebeauty.hu\/?product=yamuna-narancs-fahej-masszirozo-krem-1000-ml","og_site_name":"Emspoma webshop","article_publisher":"https:\/\/www.facebook.com\/masszazsbirodalom\/","article_modified_time":"2024-07-14T20:17:39+00:00","og_image":[{"width":300,"height":300,"url":"http:\/\/jadebeauty.hu\/wp-content\/uploads\/2016\/09\/15-yamuna-zsiros-masszirozo-krem-narancs-fahejasok.jpg","type":"image\/jpeg"}],"twitter_card":"summary","twitter_site":"@masszazs_bir","schema":{"@context":"https:\/\/schema.org","@graph":[{"@type":"WebSite","@id":"http:\/\/jadebeauty.hu\/#website","url":"http:\/\/jadebeauty.hu\/","name":"Emspoma webshop","description":"","potentialAction":[{"@type":"SearchAction","target":{"@type":"EntryPoint","urlTemplate":"http:\/\/jadebeauty.hu\/?s={search_term_string}"},"query-input":"required name=search_term_string"}],"inLanguage":"hu"},{"@type":"ImageObject","@id":"http:\/\/jadebeauty.hu\/?product=yamuna-narancs-fahej-masszirozo-krem-1000-ml#primaryimage","inLanguage":"hu","url":"http:\/\/jadebeauty.hu\/wp-content\/uploads\/2016\/09\/15-yamuna-zsiros-masszirozo-krem-narancs-fahejasok.jpg","contentUrl":"http:\/\/jadebeauty.hu\/wp-content\/uploads\/2016\/09\/15-yamuna-zsiros-masszirozo-krem-narancs-fahejasok.jpg","width":300,"height":300,"caption":"Yamuna narancs fah\u00e9j massz\u00edroz\u00f3 kr\u00e9m 1000 ml"},{"@type":"WebPage","@id":"http:\/\/jadebeauty.hu\/?product=yamuna-narancs-fahej-masszirozo-krem-1000-ml#webpage","url":"http:\/\/jadebeauty.hu\/?product=yamuna-narancs-fahej-masszirozo-krem-1000-ml","name":"Yamuna narancs fah\u00e9j massz\u00edroz\u00f3 kr\u00e9m 1000 ml - Emspoma webshop","isPartOf":{"@id":"http:\/\/jadebeauty.hu\/#website"},"primaryImageOfPage":{"@id":"http:\/\/jadebeauty.hu\/?product=yamuna-narancs-fahej-masszirozo-krem-1000-ml#primaryimage"},"datePublished":"2016-07-17T16:56:17+00:00","dateModified":"2024-07-14T20:17:39+00:00","breadcrumb":{"@id":"http:\/\/jadebeauty.hu\/?product=yamuna-narancs-fahej-masszirozo-krem-1000-ml#breadcrumb"},"inLanguage":"hu","potentialAction":[{"@type":"ReadAction","target":["http:\/\/jadebeauty.hu\/?product=yamuna-narancs-fahej-masszirozo-krem-1000-ml"]}]},{"@type":"BreadcrumbList","@id":"http:\/\/jadebeauty.hu\/?product=yamuna-narancs-fahej-masszirozo-krem-1000-ml#breadcrumb","itemListElement":[{"@type":"ListItem","position":1,"name":"Home","item":"http:\/\/jadebeauty.hu\/"},{"@type":"ListItem","position":2,"name":"\u00dczlet","item":"http:\/\/jadebeauty.hu\/?page_id=4"},{"@type":"ListItem","position":3,"name":"Yamuna narancs fah\u00e9j massz\u00edroz\u00f3 kr\u00e9m 1000 ml"}]}]}},"_links":{"self":[{"href":"http:\/\/jadebeauty.hu\/index.php?rest_route=\/wp\/v2\/product\/957"}],"collection":[{"href":"http:\/\/jadebeauty.hu\/index.php?rest_route=\/wp\/v2\/product"}],"about":[{"href":"http:\/\/jadebeauty.hu\/index.php?rest_route=\/wp\/v2\/types\/product"}],"wp:featuredmedia":[{"embeddable":true,"href":"http:\/\/jadebeauty.hu\/index.php?rest_route=\/wp\/v2\/media\/1428"}],"wp:attachment":[{"href":"http:\/\/jadebeauty.hu\/index.php?rest_route=%2Fwp%2Fv2%2Fmedia&parent=957"}],"wp:term":[{"taxonomy":"product_cat","embeddable":true,"href":"http:\/\/jadebeauty.hu\/index.php?rest_route=%2Fwp%2Fv2%2Fproduct_cat&post=957"},{"taxonomy":"product_tag","embeddable":true,"href":"http:\/\/jadebeauty.hu\/index.php?rest_route=%2Fwp%2Fv2%2Fproduct_tag&post=957"}],"curies":[{"name":"wp","href":"https:\/\/api.w.org\/{rel}","templated":true}]}}