{"id":959,"date":"2016-07-17T17:06:34","date_gmt":"2016-07-17T17:06:34","guid":{"rendered":"http:\/\/jadebeauty.hu\/?post_type=product&#038;p=959"},"modified":"2025-07-03T20:16:58","modified_gmt":"2025-07-03T20:16:58","slug":"yamuna-aloe-vera-masszazsolaj-1000-ml","status":"publish","type":"product","link":"http:\/\/jadebeauty.hu\/?product=yamuna-aloe-vera-masszazsolaj-1000-ml","title":{"rendered":"Yamuna aloe vera massz\u00e1zsolaj 1000 ml"},"content":{"rendered":"","protected":false},"excerpt":{"rendered":"<p>Yamuna \u00a0paraffin \u00e9s szez\u00e1molaj tartalm\u00fa massz\u00e1zsolaj &#8211; aloe vera.<\/p>\n<p>Az Aloe vera n\u00e9gyszer gyorsabban hatol a b\u0151rbe, mint a v\u00edz. Gazdag vitaminokban, \u00e1sv\u00e1nyi anyagokban, aminosavakban \u00e9s enzimekben. T\u00f6bb, mint 200 hat\u00f3anyagot tartalmaz. N\u00e9gy f\u0151 tulajdons\u00e1ga van: gyullad\u00e1scs\u00f6kkent\u0151, gomba\u00f6l\u0151, antibiotikus \u00e9s regener\u00e1l\u00f3, illatanyagot nem tartalmaz. Haszn\u00e1lat\u00e1t aj\u00e1nljuk mindenf\u00e9le b\u0151rprobl\u00e9m\u00e1ra. Gy\u00f3gyszerk\u00f6nyvi min\u0151s\u00e9g\u0171 alapanyagok felhaszn\u00e1l\u00e1s\u00e1val k\u00e9sz\u00fclt, nem tartalmaz mesters\u00e9ges sz\u00edn, illat \u00e9s \u00e1llati eredet\u0171 anyagot. K\u00e9t komponens\u0171, haszn\u00e1lat el\u0151tt felr\u00e1zand\u00f3.<\/p>\n","protected":false},"featured_media":2572,"template":"","meta":[],"product_cat":[61,231],"product_tag":[221,60,230],"yoast_head":"<!-- This site is optimized with the Yoast SEO plugin v17.4 - https:\/\/yoast.com\/wordpress\/plugins\/seo\/ -->\n<title>Yamuna aloe vera massz\u00e1zsolaj 1000 ml - Emspoma webshop<\/title>\n<meta name=\"robots\" content=\"index, follow, max-snippet:-1, max-image-preview:large, max-video-preview:-1\" \/>\n<link rel=\"canonical\" href=\"http:\/\/jadebeauty.hu\/?product=yamuna-aloe-vera-masszazsolaj-1000-ml\" \/>\n<meta property=\"og:locale\" content=\"hu_HU\" \/>\n<meta property=\"og:type\" content=\"article\" \/>\n<meta property=\"og:title\" content=\"Yamuna aloe vera massz\u00e1zsolaj 1000 ml - Emspoma webshop\" \/>\n<meta property=\"og:description\" content=\"Yamuna \u00a0paraffin \u00e9s szez\u00e1molaj tartalm\u00fa massz\u00e1zsolaj - aloe vera.  Az Aloe vera n\u00e9gyszer gyorsabban hatol a b\u0151rbe, mint a v\u00edz. Gazdag vitaminokban, \u00e1sv\u00e1nyi anyagokban, aminosavakban \u00e9s enzimekben. T\u00f6bb, mint 200 hat\u00f3anyagot tartalmaz. N\u00e9gy f\u0151 tulajdons\u00e1ga van: gyullad\u00e1scs\u00f6kkent\u0151, gomba\u00f6l\u0151, antibiotikus \u00e9s regener\u00e1l\u00f3, illatanyagot nem tartalmaz. Haszn\u00e1lat\u00e1t aj\u00e1nljuk mindenf\u00e9le b\u0151rprobl\u00e9m\u00e1ra. Gy\u00f3gyszerk\u00f6nyvi min\u0151s\u00e9g\u0171 alapanyagok felhaszn\u00e1l\u00e1s\u00e1val k\u00e9sz\u00fclt, nem tartalmaz mesters\u00e9ges sz\u00edn, illat \u00e9s \u00e1llati eredet\u0171 anyagot. K\u00e9t komponens\u0171, haszn\u00e1lat el\u0151tt felr\u00e1zand\u00f3.\" \/>\n<meta property=\"og:url\" content=\"http:\/\/jadebeauty.hu\/?product=yamuna-aloe-vera-masszazsolaj-1000-ml\" \/>\n<meta property=\"og:site_name\" content=\"Emspoma webshop\" \/>\n<meta property=\"article:publisher\" content=\"https:\/\/www.facebook.com\/masszazsbirodalom\/\" \/>\n<meta property=\"article:modified_time\" content=\"2025-07-03T20:16:58+00:00\" \/>\n<meta property=\"og:image\" content=\"https:\/\/jadebeauty.hu\/wp-content\/uploads\/2016\/07\/yamuna-aloe-vera-masszazsolaj-1000-ml.jpg\" \/>\n\t<meta property=\"og:image:width\" content=\"368\" \/>\n\t<meta property=\"og:image:height\" content=\"420\" \/>\n<meta name=\"twitter:card\" content=\"summary\" \/>\n<meta name=\"twitter:site\" content=\"@masszazs_bir\" \/>\n<script type=\"application\/ld+json\" class=\"yoast-schema-graph\">{\"@context\":\"https:\/\/schema.org\",\"@graph\":[{\"@type\":\"WebSite\",\"@id\":\"http:\/\/jadebeauty.hu\/#website\",\"url\":\"http:\/\/jadebeauty.hu\/\",\"name\":\"Emspoma webshop\",\"description\":\"\",\"potentialAction\":[{\"@type\":\"SearchAction\",\"target\":{\"@type\":\"EntryPoint\",\"urlTemplate\":\"http:\/\/jadebeauty.hu\/?s={search_term_string}\"},\"query-input\":\"required name=search_term_string\"}],\"inLanguage\":\"hu\"},{\"@type\":\"ImageObject\",\"@id\":\"http:\/\/jadebeauty.hu\/?product=yamuna-aloe-vera-masszazsolaj-1000-ml#primaryimage\",\"inLanguage\":\"hu\",\"url\":\"http:\/\/jadebeauty.hu\/wp-content\/uploads\/2016\/07\/yamuna-aloe-vera-masszazsolaj-1000-ml.jpg\",\"contentUrl\":\"http:\/\/jadebeauty.hu\/wp-content\/uploads\/2016\/07\/yamuna-aloe-vera-masszazsolaj-1000-ml.jpg\",\"width\":368,\"height\":420,\"caption\":\"yamuna-aloe-vera-masszazsolaj-1000-ml\"},{\"@type\":\"WebPage\",\"@id\":\"http:\/\/jadebeauty.hu\/?product=yamuna-aloe-vera-masszazsolaj-1000-ml#webpage\",\"url\":\"http:\/\/jadebeauty.hu\/?product=yamuna-aloe-vera-masszazsolaj-1000-ml\",\"name\":\"Yamuna aloe vera massz\\u00e1zsolaj 1000 ml - Emspoma webshop\",\"isPartOf\":{\"@id\":\"http:\/\/jadebeauty.hu\/#website\"},\"primaryImageOfPage\":{\"@id\":\"http:\/\/jadebeauty.hu\/?product=yamuna-aloe-vera-masszazsolaj-1000-ml#primaryimage\"},\"datePublished\":\"2016-07-17T17:06:34+00:00\",\"dateModified\":\"2025-07-03T20:16:58+00:00\",\"breadcrumb\":{\"@id\":\"http:\/\/jadebeauty.hu\/?product=yamuna-aloe-vera-masszazsolaj-1000-ml#breadcrumb\"},\"inLanguage\":\"hu\",\"potentialAction\":[{\"@type\":\"ReadAction\",\"target\":[\"http:\/\/jadebeauty.hu\/?product=yamuna-aloe-vera-masszazsolaj-1000-ml\"]}]},{\"@type\":\"BreadcrumbList\",\"@id\":\"http:\/\/jadebeauty.hu\/?product=yamuna-aloe-vera-masszazsolaj-1000-ml#breadcrumb\",\"itemListElement\":[{\"@type\":\"ListItem\",\"position\":1,\"name\":\"Home\",\"item\":\"http:\/\/jadebeauty.hu\/\"},{\"@type\":\"ListItem\",\"position\":2,\"name\":\"\\u00dczlet\",\"item\":\"https:\/\/jadebeauty.hu\/?page_id=4\"},{\"@type\":\"ListItem\",\"position\":3,\"name\":\"Yamuna aloe vera massz\\u00e1zsolaj 1000 ml\"}]}]}<\/script>\n<!-- \/ Yoast SEO plugin. -->","yoast_head_json":{"title":"Yamuna aloe vera massz\u00e1zsolaj 1000 ml - Emspoma webshop","robots":{"index":"index","follow":"follow","max-snippet":"max-snippet:-1","max-image-preview":"max-image-preview:large","max-video-preview":"max-video-preview:-1"},"canonical":"http:\/\/jadebeauty.hu\/?product=yamuna-aloe-vera-masszazsolaj-1000-ml","og_locale":"hu_HU","og_type":"article","og_title":"Yamuna aloe vera massz\u00e1zsolaj 1000 ml - Emspoma webshop","og_description":"Yamuna \u00a0paraffin \u00e9s szez\u00e1molaj tartalm\u00fa massz\u00e1zsolaj - aloe vera.  Az Aloe vera n\u00e9gyszer gyorsabban hatol a b\u0151rbe, mint a v\u00edz. Gazdag vitaminokban, \u00e1sv\u00e1nyi anyagokban, aminosavakban \u00e9s enzimekben. T\u00f6bb, mint 200 hat\u00f3anyagot tartalmaz. N\u00e9gy f\u0151 tulajdons\u00e1ga van: gyullad\u00e1scs\u00f6kkent\u0151, gomba\u00f6l\u0151, antibiotikus \u00e9s regener\u00e1l\u00f3, illatanyagot nem tartalmaz. Haszn\u00e1lat\u00e1t aj\u00e1nljuk mindenf\u00e9le b\u0151rprobl\u00e9m\u00e1ra. Gy\u00f3gyszerk\u00f6nyvi min\u0151s\u00e9g\u0171 alapanyagok felhaszn\u00e1l\u00e1s\u00e1val k\u00e9sz\u00fclt, nem tartalmaz mesters\u00e9ges sz\u00edn, illat \u00e9s \u00e1llati eredet\u0171 anyagot. K\u00e9t komponens\u0171, haszn\u00e1lat el\u0151tt felr\u00e1zand\u00f3.","og_url":"http:\/\/jadebeauty.hu\/?product=yamuna-aloe-vera-masszazsolaj-1000-ml","og_site_name":"Emspoma webshop","article_publisher":"https:\/\/www.facebook.com\/masszazsbirodalom\/","article_modified_time":"2025-07-03T20:16:58+00:00","og_image":[{"width":368,"height":420,"url":"https:\/\/jadebeauty.hu\/wp-content\/uploads\/2016\/07\/yamuna-aloe-vera-masszazsolaj-1000-ml.jpg","type":"image\/jpeg"}],"twitter_card":"summary","twitter_site":"@masszazs_bir","schema":{"@context":"https:\/\/schema.org","@graph":[{"@type":"WebSite","@id":"http:\/\/jadebeauty.hu\/#website","url":"http:\/\/jadebeauty.hu\/","name":"Emspoma webshop","description":"","potentialAction":[{"@type":"SearchAction","target":{"@type":"EntryPoint","urlTemplate":"http:\/\/jadebeauty.hu\/?s={search_term_string}"},"query-input":"required name=search_term_string"}],"inLanguage":"hu"},{"@type":"ImageObject","@id":"http:\/\/jadebeauty.hu\/?product=yamuna-aloe-vera-masszazsolaj-1000-ml#primaryimage","inLanguage":"hu","url":"http:\/\/jadebeauty.hu\/wp-content\/uploads\/2016\/07\/yamuna-aloe-vera-masszazsolaj-1000-ml.jpg","contentUrl":"http:\/\/jadebeauty.hu\/wp-content\/uploads\/2016\/07\/yamuna-aloe-vera-masszazsolaj-1000-ml.jpg","width":368,"height":420,"caption":"yamuna-aloe-vera-masszazsolaj-1000-ml"},{"@type":"WebPage","@id":"http:\/\/jadebeauty.hu\/?product=yamuna-aloe-vera-masszazsolaj-1000-ml#webpage","url":"http:\/\/jadebeauty.hu\/?product=yamuna-aloe-vera-masszazsolaj-1000-ml","name":"Yamuna aloe vera massz\u00e1zsolaj 1000 ml - Emspoma webshop","isPartOf":{"@id":"http:\/\/jadebeauty.hu\/#website"},"primaryImageOfPage":{"@id":"http:\/\/jadebeauty.hu\/?product=yamuna-aloe-vera-masszazsolaj-1000-ml#primaryimage"},"datePublished":"2016-07-17T17:06:34+00:00","dateModified":"2025-07-03T20:16:58+00:00","breadcrumb":{"@id":"http:\/\/jadebeauty.hu\/?product=yamuna-aloe-vera-masszazsolaj-1000-ml#breadcrumb"},"inLanguage":"hu","potentialAction":[{"@type":"ReadAction","target":["http:\/\/jadebeauty.hu\/?product=yamuna-aloe-vera-masszazsolaj-1000-ml"]}]},{"@type":"BreadcrumbList","@id":"http:\/\/jadebeauty.hu\/?product=yamuna-aloe-vera-masszazsolaj-1000-ml#breadcrumb","itemListElement":[{"@type":"ListItem","position":1,"name":"Home","item":"http:\/\/jadebeauty.hu\/"},{"@type":"ListItem","position":2,"name":"\u00dczlet","item":"https:\/\/jadebeauty.hu\/?page_id=4"},{"@type":"ListItem","position":3,"name":"Yamuna aloe vera massz\u00e1zsolaj 1000 ml"}]}]}},"_links":{"self":[{"href":"http:\/\/jadebeauty.hu\/index.php?rest_route=\/wp\/v2\/product\/959"}],"collection":[{"href":"http:\/\/jadebeauty.hu\/index.php?rest_route=\/wp\/v2\/product"}],"about":[{"href":"http:\/\/jadebeauty.hu\/index.php?rest_route=\/wp\/v2\/types\/product"}],"wp:featuredmedia":[{"embeddable":true,"href":"http:\/\/jadebeauty.hu\/index.php?rest_route=\/wp\/v2\/media\/2572"}],"wp:attachment":[{"href":"http:\/\/jadebeauty.hu\/index.php?rest_route=%2Fwp%2Fv2%2Fmedia&parent=959"}],"wp:term":[{"taxonomy":"product_cat","embeddable":true,"href":"http:\/\/jadebeauty.hu\/index.php?rest_route=%2Fwp%2Fv2%2Fproduct_cat&post=959"},{"taxonomy":"product_tag","embeddable":true,"href":"http:\/\/jadebeauty.hu\/index.php?rest_route=%2Fwp%2Fv2%2Fproduct_tag&post=959"}],"curies":[{"name":"wp","href":"https:\/\/api.w.org\/{rel}","templated":true}]}}